of 4671?
3, 173
What are the prime factors of 1730?
2, 5, 173
List the prime factors of 67655.
5, 7, 1933
What are the prime factors of 101?
101
List the prime factors of 3202.
2, 1601
What are the prime factors of 2009?
7, 41
List the prime factors of 480.
2, 3, 5
List the prime factors of 70672.
2, 7, 631
List the prime factors of 11334.
2, 3, 1889
What are the prime factors of 1520?
2, 5, 19
What are the prime factors of 11397?
3, 29, 131
What are the prime factors of 2923?
37, 79
List the prime factors of 253.
11, 23
What are the prime factors of 4322?
2, 2161
What are the prime factors of 4922?
2, 23, 107
List the prime factors of 471.
3, 157
List the prime factors of 4313.
19, 227
List the prime factors of 131746.
2, 19, 3467
What are the prime factors of 9523?
89, 107
What are the prime factors of 3399?
3, 11, 103
List the prime factors of 1027.
13, 79
What are the prime factors of 995?
5, 199
List the prime factors of 2957.
2957
What are the prime factors of 32835?
3, 5, 11, 199
List the prime factors of 44582.
2, 22291
What are the prime factors of 6989?
29, 241
What are the prime factors of 22117?
17, 1301
List the prime factors of 203.
7, 29
What are the prime factors of 3430?
2, 5, 7
What are the prime factors of 8373?
3, 2791
List the prime factors of 86487.
3, 127, 227
List the prime factors of 798.
2, 3, 7, 19
What are the prime factors of 360?
2, 3, 5
List the prime factors of 2006.
2, 17, 59
What are the prime factors of 1962?
2, 3, 109
List the prime factors of 170283.
3, 31, 1831
What are the prime factors of 13612?
2, 41, 83
What are the prime factors of 649?
11, 59
List the prime factors of 8335.
5, 1667
What are the prime factors of 2527?
7, 19
What are the prime factors of 51962?
2, 25981
What are the prime factors of 83234?
2, 41617
What are the prime factors of 1265?
5, 11, 23
What are the prime factors of 3785?
5, 757
List the prime factors of 11893.
7, 1699
What are the prime factors of 958?
2, 479
List the prime factors of 50311.
50311
List the prime factors of 864.
2, 3
What are the prime factors of 20064?
2, 3, 11, 19
List the prime factors of 483.
3, 7, 23
What are the prime factors of 6726?
2, 3, 19, 59
List the prime factors of 1943.
29, 67
List the prime factors of 823.
823
List the prime factors of 21982.
2, 29, 379
What are the prime factors of 3401?
19, 179
What are the prime factors of 14810?
2, 5, 1481
What are the prime factors of 10225?
5, 409
List the prime factors of 68856.
2, 3, 19, 151
What are the prime factors of 6705?
3, 5, 149
List the prime factors of 51720.
2, 3, 5, 431
List the prime factors of 5072.
2, 317
List the prime factors of 30726.
2, 3, 569
List the prime factors of 1545.
3, 5, 103
List the prime factors of 5542.
2, 17, 163
List the prime factors of 37833.
3, 12611
List the prime factors of 5434.
2, 11, 13, 19
List the prime factors of 564.
2, 3, 47
What are the prime factors of 851?
23, 37
List the prime factors of 4930.
2, 5, 17, 29
What are the prime factors of 1533?
3, 7, 73
What are the prime factors of 5141?
53, 97
List the prime factors of 64992.
2, 3, 677
List the prime factors of 978.
2, 3, 163
What are the prime factors of 177371?
83, 2137
List the prime factors of 3007.
31, 97
What are the prime factors of 519?
3, 173
What are the prime factors of 14869?
14869
List the prime factors of 186807.
3, 73, 853
What are the prime factors of 9306?
2, 3, 11, 47
List the prime factors of 26345.
5, 11, 479
What are the prime factors of 655?
5, 131
List the prime factors of 777.
3, 7, 37
What are the prime factors of 4272?
2, 3, 89
List the prime factors of 1821.
3, 607
List the prime factors of 8318.
2, 4159
What are the prime factors of 7380?
2, 3, 5, 41
List the prime factors of 4941.
3, 61
List the prime factors of 2475.
3, 5, 11
What are the prime factors of 7034?
2, 3517
What are the prime factors of 79657?
79657
List the prime factors of 25938.
2, 3, 11, 131
What are the prime factors of 35829?
3, 1327
List the prime factors of 13869.
3, 23, 67
What are the prime factors of 165676?
2, 7, 61, 97
What are the prime factors of 746?
2, 373
List the prime factors of 1382.
2, 691
What are the prime factors of 29979?
3, 3331
What are the prime factors of 7955?
5, 37, 43
List the prime factors of 20214.
2, 3, 1123
What are the prime factors of 2250?
2, 3, 5
What are the prime factors of 16059?
3, 53, 101
List the prime factors of 1219.
23, 53
List the prime factors of 2284.
2, 571
List the prime factors of 41026.
2, 73, 281
What are the prime factors of 115?
5, 23
What are the prime factors of 429?
3, 11, 13
What are the prime factors of 2297?
2297
What are the prime factors of 7700?
2, 5, 7, 11
List the prime factors of 32868.
2, 3, 11, 83
List the prime factors of 3694.
2, 1847
What are the prime factors of 77594?
2, 11, 3527
List the prime factors of 51773.
23, 2251
What are the prime factors of 1294?
2, 647
What are the prime factors of 700?
2, 5, 7
List the prime factors of 113133.
3, 43, 877
What are the prime factors of 37184?
2, 7, 83
List the prime factors of 1713.
3, 571
What are the prime factors of 119782?
2, 13, 17, 271
List the prime factors of 15254.
2, 29, 263
What are the prime factors of 3595?
5, 719
List the prime factors of 56508.
2, 3, 17, 277
What are the prime factors of 625?
5
What are the prime factors of 931?
7, 19
What are the prime factors of 43263?
3, 11, 19, 23
What are the prime factors of 19004?
2, 4751
What are the prime factors of 62599?
59, 1061
List the prime factors of 197312.
2, 3083
What are the prime factors of 1501?
19, 79
What are the prime factors of 572?
2, 11, 13
List the prime factors of 2440.
2, 5, 61
List the prime factors of 7479.
3, 277
List the prime factors of 3382.
2, 19, 89
List the prime factors of 29540.
2, 5, 7, 211
What are the prime factors of 1106?
2, 7, 79
List the prime factors of 69092.
2, 23, 751
What are the prime factors of 825?
3, 5, 11
What are the prime factors of 23134?
2, 43, 269
List the prime factors of 307.
307
List the prime factors of 1367.
1367
What are the prime factors of 29385?
3, 5, 653
What are the prime factors of 13088?
2, 409
What are the prime factors of 23905?
5, 7, 683
List the prime factors of 19734.
2, 3, 11, 13, 23
List the prime factors of 1015.
5, 7, 29
List the prime factors of 1625.
5, 13
What are the prime factors of 19140?
2, 3, 5, 11, 29
What are the prime factors of 13599?
3, 1511
List the prime factors of 10233.
3, 379
List the prime factors of 2083.
2083
List the prime factors of 2500.
2, 5
List the prime factors of 5257.
7, 751
What are the prime factors of 15906?
2, 3, 11, 241
List the prime factors of 171650.
2, 5, 3433
List the prime factors of 983.
983
What are the prime factors of 169626?
2, 3, 17, 1663
List the prime factors of 24765.
3, 5, 13, 127
What are the prime factors of 2083?
2083
List the prime factors of 91519.
71, 1289
List the prime factors of 4512.
2, 3, 47
List the prime factors of 1429.
1429
What are the prime factors of 464?
2, 29
What are the prime factors of 941?
941
What are the prime factors of 3169?
3169
What are the prime factors of 62977?
71, 887
List the prime factors of 13391.
7, 1913
What are the prime factors of 874?
2, 19, 23
List the prime factors of 564.
2, 3, 47
List the prime factors of 247.
13, 19
List the prime factors of 41612.
2, 101, 103
What are the prime factors of 62829?
3, 13, 179
What are the prime factors of 20151?
3, 2239
List the prime factors of 193604.
2, 29, 1669
List the prime factors of 6654.
2, 3, 1109
What are the prime factors of 953?
953
List the prime factors of 279.
3, 31
List the prime factors of 1533.
3, 7, 73
What are the prime factors of 1102?
2, 19, 29
What are the prime factors of 2204?
2, 19, 29
List the prime factors of 159488.
2, 7, 89
List the prime factors of 7637.
7, 1091
List the prime factors of 542.
2, 271
List the prime factors of 81820.
2, 5, 4091
List the prime factors of 565.
5, 113
List the prime factors of 10729.
10729
What are the prime factors of 718?
2, 359
List the prime factors of 2625.
3, 5, 7
What are the prime factors of 3206?
2, 7, 229
List the prime factors of 41820.
2, 3, 5, 17, 41
What are the prime factors of 2536?
2, 317
What are the prime factors of 4001?
4001
What are the prime facto